
15
Calculate the greatest common factor of 13786944 and 72.
24
Calculate the highest common factor of 224 and 148232.
56
Calculate the highest common divisor of 229015 and 80.
5
What is the greatest common divisor of 2975972208 and 902?
902
What is the greatest common divisor of 22 and 15976902?
2
What is the highest common factor of 9011779 and 56753?
2987
What is the highest common factor of 5607722 and 60421?
1633
What is the highest common factor of 855 and 10570878?
171
Calculate the highest common divisor of 1102 and 230779358.
38
Calculate the greatest common factor of 5 and 35846979.
1
What is the highest common factor of 1195887 and 185871?
3507
What is the greatest common divisor of 17846810 and 62830?
1030
Calculate the greatest common divisor of 2059 and 303804.
29
Calculate the highest common divisor of 90846 and 322.
14
Calculate the greatest common divisor of 528138 and 19536.
222
What is the highest common divisor of 16192 and 44068?
92
Calculate the greatest common factor of 1458317 and 148239.
1267
Calculate the highest common factor of 572 and 881122814.
286
What is the highest common factor of 8 and 38054856?
8
What is the greatest common divisor of 4294 and 12162868?
226
What is the highest common divisor of 429447 and 36237?
771
What is the greatest common factor of 4744946 and 207?
23
What is the greatest common divisor of 2787073044 and 84?
84
Calculate the highest common factor of 89369082 and 72171.
2673
Calculate the highest common factor of 462817518 and 159.
159
Calculate the highest common factor of 17345448 and 36.
36
What is the highest common divisor of 85120 and 2458505?
665
Calculate the highest common factor of 9427 and 5784750.
857
What is the greatest common divisor of 1056 and 142089376?
352
Calculate the greatest common factor of 43549 and 16639381.
407
What is the greatest common divisor of 371916 and 396?
36
Calculate the greatest common factor of 1405 and 133119535.
1405
What is the highest common factor of 383 and 25617338?
383
What is the greatest common factor of 1661 and 1092729?
11
What is the highest common divisor of 11616 and 539?
11
Calculate the highest common divisor of 13 and 30187.
1
Calculate the highest common divisor of 3905769 and 3843.
1281
What is the greatest common divisor of 20 and 25486724?
4
What is the greatest common divisor of 1200 and 1294960?
80
Calculate the greatest common divisor of 996719 and 1506838.
811
What is the greatest common factor of 2520 and 44344160?
280
Calculate the highest common factor of 8 and 3717682.
2
Calculate the greatest common factor of 152057 and 94073.
151
Calculate the highest common divisor of 606922 and 37522.
146
Calculate the greatest common divisor of 1468383 and 2492969.
1427
What is the highest common factor of 147 and 395283?
147
Calculate the highest common divisor of 1371013 and 27375.
73
What is the greatest common factor of 896097 and 756741?
237
What is the greatest common divisor of 390 and 18147285?
195
Calculate the greatest common divisor of 87505 and 863913.
1591
What is the highest common divisor of 934243004 and 116?
116
What is the greatest common divisor of 136286 and 520514?
1642
What is the highest common divisor of 697780517 and 287?
287
What is the greatest common factor of 341825 and 21725?
275
Calculate the greatest common factor of 120310716 and 1314.
438
Calculate the greatest common divisor of 1880 and 3869510.
470
What is the highest common divisor of 16464 and 19360656?
336
Calculate the greatest common divisor of 108164034 and 594.
198
What is the greatest common factor of 25531 and 4358838?
2321
Calculate the highest common factor of 273595167 and 45479.
6497
Calculate the highest common factor of 4080 and 229.
1
What is the highest common divisor of 22149 and 855347?
23
Calculate the greatest common divisor of 18252421 and 82.
41
Calculate the greatest common factor of 9128388 and 4284.
204
Calculate the greatest common divisor of 2146 and 10560392.
74
Calculate the greatest common divisor of 648585 and 120495.
435
Calculate the highest common factor of 1470 and 360024.
42
Calculate the greatest common factor of 608 and 79623452.
76
Calculate the greatest common divisor of 78146755 and 69.
23
What is the greatest common divisor of 2305 and 4884756?
461
Calculate the greatest common divisor of 106661160 and 10.
10
Calculate the highest common divisor of 1053703 and 3827208.
763
What is the highest common divisor of 475531 and 329?
7
Calculate the greatest common divisor of 587480 and 1060.
20
Calculate the highest common factor of 236 and 1324136764.
236
What is the highest common divisor of 980504 and 4676?
28
What is the highest common divisor of 4309 and 123876?
31
Calculate the greatest common divisor of 867697 and 430.
43
Calculate the highest common factor of 8246 and 8546390.
1178
Calculate the highest common divisor of 5213379 and 81.
3
Calculate the greatest common factor of 1760 and 15910240.
160
Calculate the highest common divisor of 3003 and 25335975.
21
Calculate the highest common divisor of 163760 and 16505.
5
Calculate the highest common factor of 170027 and 4060927.
533
What is the greatest common factor of 494 and 85250386?
26
What is the highest common divisor of 7145 and 53791847?
1429
Calculate the highest common divisor of 39874815 and 23850.
2385
What is the highest common factor of 4456445 and 390?
5
What is the highest common divisor of 2371791888 and 4104?
4104
Calculate the highest common factor of 6297128 and 126550.
5062
Calculate the greatest common factor of 6225 and 3901.
83
Calculate the highest common factor of 11079 and 21096.
9
What is the greatest common divisor of 474 and 741702?
6
Calculate the greatest common divisor of 18 and 3992370.
6
What is the greatest common divisor of 1581 and 1785600?
93
Calculate the greatest common factor of 1494 and 43804661.
83
What is the greatest common divisor of 223852 and 1381312?
764
Calculate the greatest common divisor of 7237548 and 27.
9
Calculate the greatest common factor of 8876 and 4436544.
28
Calculate the highest common factor of 4509540 and 780.
60
What is the greatest common factor of 1075 and 67326218?
43
Calculate the greatest common divisor of 20445811 and 19823.
461
Calculate the highest common divisor of 137 and 70428275.
137
What is the highest common factor of 11204403 and 3507?
21
What is the highest common factor of 23826 and 378?
6
Calculate the greatest common divisor of 22900509 and 29592.
3699
Calculate the greatest common divisor of 10 and 42645695.
5
Calculate the greatest common factor of 24 and 71744124.
12
Calculate the highest common factor of 2027252 and 3882672.
1828
What is the highest common factor of 6789894 and 2282361?
5199
What is the highest common factor of 70107927 and 6?
3
Calculate the greatest common factor of 558885 and 37365.
795
What is the greatest common divisor of 2262 and 548373267?
1131
What is the highest common factor of 110010684 and 196?
196
Calculate the greatest common factor of 1045 and 24415.
95
What is the highest common divisor of 49 and 1504643?
49
Calculate the highest common factor of 998 and 386434083.
499
Calculate the greatest common divisor of 48827 and 138317.
157
Calculate the highest common factor of 1608 and 129114561.
201
Calculate the greatest common factor of 123579784 and 82480.
8248
Calculate the greatest common divisor of 4152 and 71103.
519
Calculate the greatest common divisor of 112 and 16860004.
28
What is the highest common factor of 107628 and 385476?
12
What is the highest common divisor of 299692 and 3?
1
What is the greatest common factor of 6311040 and 240470?
1730
What is the highest common divisor of 638 and 4330222?
58
What is the greatest common factor of 19964 and 276338836?
2852
Calculate the highest common factor of 832 and 15920736.
416
What is the highest common factor of 270 and 235760?
10
What is the greatest common divisor of 16059183 and 119?
7
Calculate the greatest common factor of 32038952 and 176.
88
Calculate the greatest common factor of 79178 and 94916.
122
Calculate the greatest common divisor of 1736169 and 1671.
1671
Calculate the highest common divisor of 297234 and 166698.
882
What is the highest common divisor of 